{"id":52,"date":"2017-10-25T12:23:38","date_gmt":"2017-10-25T12:23:38","guid":{"rendered":"http:\/\/bridge98.qodeinteractive.com\/?page_id=52"},"modified":"2020-05-28T20:35:15","modified_gmt":"2020-05-28T20:35:15","slug":"something-about-us","status":"publish","type":"page","link":"https:\/\/estudiondesign.com\/site\/something-about-us\/","title":{"rendered":"El Estudio"},"content":{"rendered":"<p>[vc_row css_animation=\u00bb\u00bb row_type=\u00bbrow\u00bb use_row_as_full_screen_section=\u00bbno\u00bb type=\u00bbfull_width\u00bb angled_section=\u00bbno\u00bb text_align=\u00bbcenter\u00bb background_image_as_pattern=\u00bbwithout_pattern\u00bb z_index=\u00bb\u00bb][vc_column][vc_empty_space][vc_column_text]<\/p>\n<h1 style=\"text-align: center;\">El Estudio<\/h1>\n<p>[\/vc_column_text][vc_separator type=\u00bbnormal\u00bb color=\u00bb#ff8f3a\u00bb][\/vc_column][\/vc_row][vc_row css_animation=\u00bb\u00bb row_type=\u00bbrow\u00bb use_row_as_full_screen_section=\u00bbno\u00bb type=\u00bbfull_width\u00bb angled_section=\u00bbno\u00bb text_align=\u00bbcenter\u00bb background_image=\u00bb460&#8243; background_image_as_pattern=\u00bbwithout_pattern\u00bb z_index=\u00bb\u00bb][vc_column offset=\u00bbvc_hidden-lg vc_hidden-md vc_hidden-sm vc_hidden-xs\u00bb][vc_column_text css=\u00bb.vc_custom_1588599238666{margin-top: 100px !important;margin-bottom: 100px !important;}\u00bb]<\/p>\n<h1><span style=\"color: #ffffff;\">El Estudio<\/span><\/h1>\n<p>[\/vc_column_text][\/vc_column][\/vc_row][vc_row css_animation=\u00bb\u00bb row_type=\u00bbrow\u00bb use_row_as_full_screen_section=\u00bbno\u00bb type=\u00bbfull_width\u00bb angled_section=\u00bbno\u00bb text_align=\u00bbleft\u00bb background_image_as_pattern=\u00bbwithout_pattern\u00bb][vc_column][vc_empty_space height=\u00bb82px\u00bb][\/vc_column][\/vc_row][vc_row css_animation=\u00bb\u00bb row_type=\u00bbrow\u00bb use_row_as_full_screen_section=\u00bbno\u00bb type=\u00bbfull_width\u00bb angled_section=\u00bbno\u00bb text_align=\u00bbleft\u00bb background_image_as_pattern=\u00bbwithout_pattern\u00bb css=\u00bb.vc_custom_1588461140161{padding-right: 60px !important;padding-left: 60px !important;}\u00bb z_index=\u00bb\u00bb][vc_column width=\u00bb1\/4&#8243;]<div class='q_icon_with_title medium normal_icon center '><div class=\"icon_holder \" style=\" \"><span data-icon-type=\"normal\"   style=\"font-size: 45px;\" class=\"qode_iwt_icon_holder q_font_awsome_icon fa-3x  \"><span aria-hidden=\"true\" class=\"qode_icon_font_elegant icon_pencil qode_iwt_icon_element\" style=\"color: #f95634;\" ><\/span><\/span><\/div><div class=\"icon_text_holder\" style=\"\"><div class=\"icon_text_inner\" style=\"\"><h3 class=\"icon_title\" style=\"color: #222428;\">Dise\u00f1o y Proyecto<\/h3><p style='color: #767676'>En cada proyecto que iniciamos creemos muy importante el desarrollo de premisas funcionales, morfol\u00f3gicas y espaciales que determinamos conjuntamente con nuestros clientes, a partir de all\u00ed trabajamos interactivamente con bocetos, im\u00e1genes 3D y animaciones que llevan a valorar el proyecto de manera muy realista.Trabajamos conjuntamente con estudios especializados en estructuras, paisajismo, instalaciones espec\u00edficas y las diferentes necesidades que nos surjan de cada proyecto u obra.<\/p><\/div><\/div><\/div>[vc_empty_space height=\u00bb20px\u00bb][\/vc_column][vc_column width=\u00bb1\/4&#8243;]<div class='q_icon_with_title medium normal_icon center '><div class=\"icon_holder \" style=\" \"><span data-icon-type=\"normal\"   style=\"font-size: 45px;\" class=\"qode_iwt_icon_holder q_font_awsome_icon fa-3x  \"><span aria-hidden=\"true\" class=\"qode_icon_font_elegant icon_calendar qode_iwt_icon_element\" style=\"color: #f95634;\" ><\/span><\/span><\/div><div class=\"icon_text_holder\" style=\"\"><div class=\"icon_text_inner\" style=\"\"><h3 class=\"icon_title\" style=\"color: #222428;\">Direcci\u00f3n de Obra<\/h3><p style='color: #767676'>Nuestro constante trabajo y seguimiento de obra, se ve reflejado en el cumplimiento de los est\u00e1ndares de calidad en las distintas etapas, logrando como resultado final excelentes terminaciones y acabados de acuerdo a las premisas de dise\u00f1o requeridas en cada proyecto. <\/p><\/div><\/div><\/div>[vc_empty_space height=\u00bb20px\u00bb][\/vc_column][vc_column width=\u00bb1\/4&#8243;]<div class='q_icon_with_title medium normal_icon center '><div class=\"icon_holder \" style=\" \"><span data-icon-type=\"normal\"   style=\"font-size: 45px;\" class=\"qode_iwt_icon_holder q_font_awsome_icon fa-3x  \"><span aria-hidden=\"true\" class=\"qode_icon_font_elegant icon_calulator qode_iwt_icon_element\" style=\"color: #f95634;\" ><\/span><\/span><\/div><div class=\"icon_text_holder\" style=\"\"><div class=\"icon_text_inner\" style=\"\"><h3 class=\"icon_title\" style=\"color: #222428;\">Administraci\u00f3n de Obra<\/h3><p style='color: #767676'>Planificamos, organizamos y controlamos todos los recursos de la obra para asegurar la provisi\u00f3n de materiales y mano de obra, cotejando precios y beneficios de los distintos rubros para asegurar la mejor relaci\u00f3n de precio y calidad<\/p><\/div><\/div><\/div>[vc_empty_space height=\u00bb20px\u00bb][\/vc_column][vc_column width=\u00bb1\/4&#8243;]<div class='q_icon_with_title medium normal_icon center '><div class=\"icon_holder \" style=\" \"><span data-icon-type=\"normal\"   style=\"font-size: 45px;\" class=\"qode_iwt_icon_holder q_font_awsome_icon fa-3x  \"><span aria-hidden=\"true\" class=\"qode_icon_font_elegant icon_house qode_iwt_icon_element\" style=\"color: #f95634;\" ><\/span><\/span><\/div><div class=\"icon_text_holder\" style=\"\"><div class=\"icon_text_inner\" style=\"\"><h3 class=\"icon_title\" style=\"color: #222428;\">Construcci\u00f3n<\/h3><p style='color: #767676'>Ejecucion de obras con distintos sistemas constructivos ajustados a cada tipo Proyecto de acuerdo a las premisas de dise\u00f1o, ubicaci\u00f3n geogr\u00e1fica, clima, y materiales y tecnolog\u00edas disponibles en la zona donde se desarrolle la construcci\u00f3n.<\/p><\/div><\/div><\/div>[vc_empty_space height=\u00bb20px\u00bb][\/vc_column][\/vc_row][vc_row css_animation=\u00bb\u00bb row_type=\u00bbrow\u00bb use_row_as_full_screen_section=\u00bbno\u00bb type=\u00bbfull_width\u00bb angled_section=\u00bbno\u00bb text_align=\u00bbleft\u00bb background_image_as_pattern=\u00bbwithout_pattern\u00bb][vc_column][vc_empty_space height=\u00bb62px\u00bb][\/vc_column][\/vc_row][vc_row row_type=\u00bbparallax\u00bb parallax_content_width=\u00bbin_grid\u00bb text_align=\u00bbleft\u00bb background_image=\u00bb424&#8243; full_screen_section_height=\u00bbno\u00bb][vc_column width=\u00bb1\/4&#8243;][\/vc_column][vc_column width=\u00bb1\/2&#8243;][vc_empty_space height=\u00bb80px\u00bb][vc_column_text]<\/p>\n<h2><span style=\"color: #ffffff;\">Dise\u00f1ando y construyendo<\/span><\/h2>\n<h2><span style=\"color: #ffffff;\">desde 1997<\/span><\/h2>\n<p>[\/vc_column_text][vc_empty_space height=\u00bb40px\u00bb][vc_column_text]<\/p>\n<h4><strong><span style=\"color: #ffffff;\">Nuestros objetivos son la excelencia en el dise\u00f1o, otorgar el mejor servicio a nuestros clientes y satisfacer sus necesidades de la forma m\u00e1s id\u00f3nea.<br \/>\nTenemos como desaf\u00edo presentar soluciones integrales a las inquietudes y necesidad de quienes conf\u00edan en nosotros.<\/span><\/strong><\/h4>\n<p>[\/vc_column_text][vc_empty_space height=\u00bb90px\u00bb][\/vc_column][vc_column width=\u00bb1\/4&#8243;][\/vc_column][\/vc_row][vc_row css_animation=\u00bb\u00bb row_type=\u00bbrow\u00bb use_row_as_full_screen_section=\u00bbno\u00bb type=\u00bbgrid\u00bb angled_section=\u00bbno\u00bb text_align=\u00bbleft\u00bb background_image_as_pattern=\u00bbwithout_pattern\u00bb padding_top=\u00bb57&#8243; padding_bottom=\u00bb76&#8243;][vc_column css=\u00bb.vc_custom_1588514790204{padding-right: 40px !important;padding-left: 40px !important;}\u00bb]<div class='testimonials_c_holder clearfix dark'><div class=\"testimonials_c testimonials_c_carousel\" data-show-navigation=\"yes\" data-animation-speed=\"\" data-auto-rotate-slides=\"5\" data-number-per-slide=\"3\"><ul class=\"slides\"><li id=\"testimonials-c-545\" class=\"testimonial_content\"><div class=\"testimonial_content_inner\"><div class=\"testimonial_image_holder\"><img decoding=\"async\" src=\"https:\/\/estudiondesign.com\/site\/wp-content\/uploads\/2020\/05\/Testimonial.png\" \/><\/div><div class=\"testimonial_text_holder\"><div class=\"testimonial_text_inner\" style=\"\"><p>Estudio comprometido y dedicado, que ha sabido llevar a cabo nuestras expectativas; profundo involucramiento con experiencia y creatividad.<\/p><p class=\"testimonial_author\" style=\"\">Melina Medrano<\/p><\/div><\/div><\/div><\/li><li id=\"testimonials-c-96\" class=\"testimonial_content\"><div class=\"testimonial_content_inner\"><div class=\"testimonial_image_holder\"><img decoding=\"async\" src=\"https:\/\/estudiondesign.com\/site\/wp-content\/uploads\/2020\/05\/Testimonial.png\" \/><\/div><div class=\"testimonial_text_holder\"><div class=\"testimonial_text_inner\" style=\"\"><p>Tuve la suerte de conocer a Ariel hace muchos a\u00f1os y luego a Esther... excelentes profesionales  y mejores personas. 100% recomendables tanto para proyectos de vivienda propia como para proyectos generales, e incluso industriales, muy receptivos, emp\u00e1ticos y se compenetran con las necesidades y acompa\u00f1amiento al cliente en todo el proceso, conozco muchas creaciones del Estudio con un alto nivel de dise\u00f1o.<\/p><p class=\"testimonial_author\" style=\"\">Ing. Rodrigo Fuyana<\/p><\/div><\/div><\/div><\/li><li id=\"testimonials-c-95\" class=\"testimonial_content\"><div class=\"testimonial_content_inner\"><div class=\"testimonial_image_holder\"><img decoding=\"async\" src=\"https:\/\/estudiondesign.com\/site\/wp-content\/uploads\/2020\/05\/Testimonial.png\" \/><\/div><div class=\"testimonial_text_holder\"><div class=\"testimonial_text_inner\" style=\"\"><p>No tengo m\u00e1s que palabras de agradecimiento para con Mar\u00eda Esther y Ariel, con quienes dise\u00f1aron nuestro proyecto. La verdad es que siendo yo una persona muy detallista, necesitaba alguien que pueda atender todas las demandas de un cliente exigente. Y ellos siempre se mostraron muy dispuestos y tomaron cada uno de mis pedidos con mucha paciencia y profesionalismo. Los recomendar\u00eda sin lugar a dudas.<\/p><p class=\"testimonial_author\" style=\"\">Luciano del Zoppo<\/p><\/div><\/div><\/div><\/li><li id=\"testimonials-c-94\" class=\"testimonial_content\"><div class=\"testimonial_content_inner\"><div class=\"testimonial_image_holder\"><img decoding=\"async\" src=\"https:\/\/estudiondesign.com\/site\/wp-content\/uploads\/2020\/05\/Testimonial.png\" \/><\/div><div class=\"testimonial_text_holder\"><div class=\"testimonial_text_inner\" style=\"\"><p>Sumamente recomendable!. Cuando empezamos no cre\u00edamos que la \u00edbamos a poder logar, nos motivaron, nos ayudaron y hoy ya estamos a punto de cumplir nuestro sue\u00f1o..... S\u00faper profesionales y lo mejor s\u00faper humanos<\/p><p class=\"testimonial_author\" style=\"\">Guillermo Su\u00e1rez Salaberry<\/p><\/div><\/div><\/div><\/li><li id=\"testimonials-c-93\" class=\"testimonial_content\"><div class=\"testimonial_content_inner\"><div class=\"testimonial_image_holder\"><img decoding=\"async\" src=\"https:\/\/estudiondesign.com\/site\/wp-content\/uploads\/2020\/05\/Testimonial.png\" \/><\/div><div class=\"testimonial_text_holder\"><div class=\"testimonial_text_inner\" style=\"\"><p>Arte + predisposici\u00f3n + buen gusto + profesionalismo + buena onda + excelentes personas = Estudio Ortega Naumchik<\/p><p class=\"testimonial_author\" style=\"\">Matias Orme\u00f1o<\/p><\/div><\/div><\/div><\/li><\/ul><\/div><\/div>[\/vc_column][\/vc_row]<\/p>\n","protected":false},"excerpt":{"rendered":"<p>[vc_row css_animation=\u00bb\u00bb row_type=\u00bbrow\u00bb use_row_as_full_screen_section=\u00bbno\u00bb type=\u00bbfull_width\u00bb angled_section=\u00bbno\u00bb text_align=\u00bbcenter\u00bb background_image_as_pattern=\u00bbwithout_pattern\u00bb z_index=\u00bb\u00bb][vc_column][vc_empty_space][vc_column_text] El Estudio [\/vc_column_text][vc_separator type=\u00bbnormal\u00bb color=\u00bb#ff8f3a\u00bb][\/vc_column][\/vc_row][vc_row css_animation=\u00bb\u00bb row_type=\u00bbrow\u00bb use_row_as_full_screen_section=\u00bbno\u00bb type=\u00bbfull_width\u00bb angled_section=\u00bbno\u00bb text_align=\u00bbcenter\u00bb background_image=\u00bb460&#8243; background_image_as_pattern=\u00bbwithout_pattern\u00bb z_index=\u00bb\u00bb][vc_column offset=\u00bbvc_hidden-lg vc_hidden-md vc_hidden-sm vc_hidden-xs\u00bb][vc_column_text css=\u00bb.vc_custom_1588599238666{margin-top: 100px !important;margin-bottom: 100px !important;}\u00bb] El Estudio [\/vc_column_text][\/vc_column][\/vc_row][vc_row css_animation=\u00bb\u00bb row_type=\u00bbrow\u00bb use_row_as_full_screen_section=\u00bbno\u00bb type=\u00bbfull_width\u00bb angled_section=\u00bbno\u00bb text_align=\u00bbleft\u00bb background_image_as_pattern=\u00bbwithout_pattern\u00bb][vc_column][vc_empty_space height=\u00bb82px\u00bb][\/vc_column][\/vc_row][vc_row css_animation=\u00bb\u00bb row_type=\u00bbrow\u00bb&#8230;<\/p>\n","protected":false},"author":2,"featured_media":0,"parent":0,"menu_order":0,"comment_status":"closed","ping_status":"closed","template":"full_width.php","meta":{"footnotes":""},"class_list":["post-52","page","type-page","status-publish","hentry"],"_links":{"self":[{"href":"https:\/\/estudiondesign.com\/site\/wp-json\/wp\/v2\/pages\/52","targetHints":{"allow":["GET"]}}],"collection":[{"href":"https:\/\/estudiondesign.com\/site\/wp-json\/wp\/v2\/pages"}],"about":[{"href":"https:\/\/estudiondesign.com\/site\/wp-json\/wp\/v2\/types\/page"}],"author":[{"embeddable":true,"href":"https:\/\/estudiondesign.com\/site\/wp-json\/wp\/v2\/users\/2"}],"replies":[{"embeddable":true,"href":"https:\/\/estudiondesign.com\/site\/wp-json\/wp\/v2\/comments?post=52"}],"version-history":[{"count":44,"href":"https:\/\/estudiondesign.com\/site\/wp-json\/wp\/v2\/pages\/52\/revisions"}],"predecessor-version":[{"id":542,"href":"https:\/\/estudiondesign.com\/site\/wp-json\/wp\/v2\/pages\/52\/revisions\/542"}],"wp:attachment":[{"href":"https:\/\/estudiondesign.com\/site\/wp-json\/wp\/v2\/media?parent=52"}],"curies":[{"name":"wp","href":"https:\/\/api.w.org\/{rel}","templated":true}]}}